ase 12) to base 14
-c864
-30226356 (base 8) to base 6
-344255434
Convert -573755 (base 10) to base 15.
-b5005
What is 123554505 (base 7) in base 3?
112210110022120
What is -2314629 (base 10) in base 7?
-25450122
What is 70217 (base 9) in base 15?
d9da
What is 1321323 (base 4) in base 14?
2bb5
-4422541 (base 6) to base 5
-24032312
-3021153 (base 6) to base 12
-6a7b9
Convert 599889 (base 13) to base 11.
1228964
Convert 1110011011011000011011 (base 2) to base 12.
132490b
100020012102 (base 3) to base 2
101100010110100011
What is 100010110111001101011 (base 2) in base 14?
21a467
What is 112333122 (base 4) in base 9?
153153
-4580355 (base 9) to base 5
-1113130130
Convert 4144013233 (base 5) to base 9.
17125386
2450374 (base 13) to base 12
3941071
34b3 (base 15) to base 8
25671
What is -1123173 (base 8) in base 6?
-10310535
What is -3c739 (base 16) in base 8?
-743471
What is -543512 (base 8) in base 11?
-114897
Convert -b5d438 (base 16) to base 2.
-101101011101010000111000
4254564 (base 11) to base 8
34440076
-60237a (base 16) to base 14
-ba0186
1c5a8 (base 15) to base 7
533261
What is 9278 (base 12) in base 6?
201432
-1010210120 (base 3) to base 8
-53664
Convert -13126132 (base 7) to base 14.
-233589
What is 203003220 (base 4) in base 16?
230e8
What is -874c9 (base 14) in base 10?
-327497
Convert -327bb (base 15) to base 4.
-213021320
What is 10315180 (base 9) in base 11?
2895434
What is 1c876 (base 15) in base 6?
1554420
-71417 (base 8) to base 13
-1053a
-272765 (base 12) to base 6
-21513005
Convert -726249 (base 11) to base 6.
-40545052
What is 10011001111011000110 (base 2) in base 7?
5234051
What is 69707 (base 13) in base 4?
232331021
714749 (base 13) to base 7
31263632
Convert -12c534 (base 14) to base 2.
-10011110010110100010
What is 101000011010101000001 (base 2) in base 16?
143541
What is 3442432 (base 5) in base 16?
f322
Convert -166b850 (base 13) to base 6.
-415231501
What is -195b0 (base 15) in base 12?
-3b756
-23051165 (base 8) to base 16
-4c5275
-410001 (base 6) to base 8
-77221
-11011100101000100011 (base 2) to base 8
-3345043
Convert -cfba (base 16) to base 13.
-1b288
What is -8a2594 (base 14) in base 4?
-101321311212
-99261 (base 12) to base 6
-4201401
What is -1434204 (base 5) in base 2?
-111011101011010
-1110000101111001011 (base 2) to base 7
-3632162
Convert 21110211021111 (base 3) to base 16.
3c9dab
What is -24899 (base 15) in base 10?
-116694
Convert 21230123 (base 4) to base 16.
9b1b
-114339 (base 10) to base 2
-11011111010100011
535231 (base 14) to base 3
12022012021202
What is -206265 (base 9) in base 15?
-26548
Convert -100100111101111000 (base 2) to base 5.
-14321131
-15213 (base 6) to base 8
-4631
Convert -110020212200 (base 3) to base 7.
-2023143
-11002010200 (base 3) to base 5
-10032124
5225244 (base 6) to base 11
162870
-21323131003 (base 4) to base 2
-1001111011011101000011
What is -10011101000100010 (base 2) in base 6?
-1420150
Convert 1101321142 (base 5) to base 8.
11025174
Convert -d8c6 (base 14) to base 15.
-b144
What is 106dc35 (base 14) in base 2?
11101101111110101010111
What is -11156045 (base 8) in base 3?
-11112201122122
470599 (base 13) to base 7
20221441
What is 11001010010101000110 (base 2) in base 3?
1120002211011
2554122 (base 6) to base 9
232425
What is 5244440 (base 6) in base 3?
110221212020
141130504 (base 6) to base 11
1682179
What is -20210100320 (base 4) in base 10?
-2245688
What is 49d7b0 (base 14) in base 5?
1122043423
Convert 1a82 (base 11) to base 5.
41011
Convert -21112211211010 (base 3) to base 4.
-33103203330
What is -799017 (base 12) in base 15?
-286014
-51bb5 (base 12) to base 7
-624221
113752 (base 13) to base 10
407695
What is -815c0b (base 15) in base 8?
-27342273
10252 (base 11) to base 15
4660
Convert 676b61 (base 14) to base 10.
3514561
18393 (base 13) to base 9
71130
What is -365231 (base 8) in base 16?
-1ea99
-481a4 (base 11) to base 3
-10112021010
Convert -1285415 (base 9) to base 2.
-10101100010111011010
Convert -35303110 (base 8) to base 10.
-7702088
What is a319b4 (base 13) in base 14?
70da58
What is -b09ea6 (base 15) in base 6?
-455431450
What is -124300313 (base 5) in base 4?
-2113011101
Convert -6717a (base 15) to base 12.
-139797
-1110111000111010100 (base 2) to base 11
-303619
-380939 (base 14) to base 12
-78875b
What is -4514645 (base 7) in base 13?
-167414
What is -636546 (base 8) in base 2?
-110011110101100110
What is 554521 (base 7) in base 14?
27848
-3456617 (base 8) to base 12
-3949a7
Convert -b6795 (base 13) to base 7.
-2536121
Convert -122211121110122 (base 3) to base 8.
-44122550
-13991 (base 11) to base 16
-4d6f
Convert -3018ec (base 15) to base 7.
-25260333
2181 (base 12) to base 5
104242
101388 (base 10) to base 4
120300030
-131200120 (base 5) to base 2
-10011101111011111110
What is -607d86 (base 14) in base 11?
-1919981
Convert 46b26 (base 12) to base 14.
26846
What is 1031100213 (base 5) in base 4?
20122221210
Convert -37731 (base 8) to base 4.
-3333121
Convert -105230455 (base 8) to base 7.
-310260164
Convert -1ac1d (base 15) to base 9.
-142431
-53141663 (base 7) to base 9
-8414675
Convert 9594c0 (base 16) to base 4.
211121103000
What is 271552 (base 13) in base 7?
11015626
Convert a72a8 (base 14) to base 9.
675046
What is 1684547 (base 9) in base 7?
11001103
10001110010001110 (base 2) to base 3
10200221000
5b333a (base 12) to base 3
2210002022201
-215773 (base 8) to base 15
-16819
What is -100001010111111 (base 2) in base 3?
-212102212
What is 16211627 (base 8) in base 10?
3740567
What is -33305566 (base 7) in base 15?
-3bc23a
-2a913a (base 11) to base 4
-1311112033
Convert -11103153 (base 7) to base 15.
-13e2b0
-21235b (base 15) to base 16
-180fb6
Convert 3101441 (base 5) to base 8.
142106
-110002101332 (base 4) to base 8
-24022176
-512145543 (base 6) to base 9
-17470480
What is -1312033033 (base 4) in base 6?
-14214051
Convert -1062672 (base 8) to base 5.
-33210221
3100023330 (base 4) to base 10
852732
Convert 2121122330 (base 4) to base 10.
628412
-2263439 (base 10) to base 16
-22898f
What is -10011000101011101 (base 2) in base 11?
-53807
Convert -253860 (base 10) to base 14.
-6872c
-6684773 (base 9) to base 11
-2038a68
Convert -8191cd (base 16) to base 10.
-8491469
What is 210111212 (base 4) in base 8?
442546
Convert 33c273 (base 16) to base 15.
470110
Convert 50251104 (base 6) to base 8.
5331220
Convert -2b7a51 (base 16) to base 13.
-789c18
Convert 377442 (base 13) to base 14.
26893d
What is 1345227 (base 8) in base 14?
9c463
-55623 (base 13) to base 9
-255346
Convert -ac779 (base 15) to base 4.
-2011321113
3146c (base 16) to base 5
22424321
-21367 (base 13) to base 7
-336445
1026755 (base 8) to base 2
1000010110111101101
-166ee8 (base 16) to base 15
-1e0924
Convert 22420110 (base 5) to base 7.
1465552
Convert 98421 (base 16) to base 11.
396614
What is -795207 (base 12) in base 8?
-7307747
What is -6843348 (base 9) in base 2?
-1110000100110100011100
Convert 174b2 (base 15) to base 14.
1d63b
What is -110001011000110000011101 (base 2) in base 14?
-1a10153
-ae874 (base 15) to base 5
-120233114
What is 125341101 (base 7) in base 9?
16144886
Convert 12012202010 (base 3) to base 7.
605064
Convert 256f52 (base 16) to base 8.
11267522
-774543 (base 9) to base 15
-92120
Convert -1022201122 (base 3) to base 4.
-12112331
-111101220012011 (base 3) to base 2
-11011001011000011111110
1521153 (base 9) to base 6
30003550
-401a073 (base 11) to base 14
-d32947
Convert -1111001010010 (base 2) to base 11.
-5917
What is -110011101011001111101 (base 2) in base 9?
-3160704
What is 6777732 (base 8) in base 10?
1834970
What is -110010011011101100 (base 2) in base 15?
-41317
What is 210672 (base 11) in base 14?
8b028
-12020040 (base 5) to base 4
-123000311
Convert 100161 (base 7) to base 11.
11773
What is -30331102 (base 4) in base 12?
-2686a
What is -115362 (base 15) in base 5?
-202441032
Convert -27778a (base 14) to base 4.
-11031110032
Convert -102222002102 (base 3) to base 16.
-3980c
Convert -1165b (base 16) to base 5.
-4240014
-122252514 (base 6) to base 4
-20333003332
Convert 902761 (base 10) to base 9.
1625317
What is 1311027 (base 8) in base 3?
200112210110
Convert -4a6bb (base 14) to base 15.
-390d0
-10011001101101100101 (base 2) to base 9
-1158581
-10183371 (bas